3. Calculate o(-2).
3
Let x(r) = -r**3 - 7*r**2 + 8*r. Suppose 164*v = 165*v + 8. Calculate x(v).
0
Let b(p) = p - 8. Suppose -3 - 39 = -2*k. Suppose -9 + k = 4*j. Let x be (-1)/j - 76/(-12). What is b(x)?
-2
Let n(z) = -z**2 - 7*z - 1. Let s = 7 - 4. Suppose s*d = 4*y - 14 + 62, -3*d - 5*y + 48 = 0. Let t = 10 - d. Determine n(t).
5
Let k(g) = g**2 - 2*g + 3. Let y be k(2). Let b(z) be the second derivative of z**4/3 - z**3/2 - 2*z**2 - 15*z - 3. Give b(y).
23
Let r(u) = 1 + 4*u - 1. Let a(m) = -m**3 - 27*m**2 + m + 25. Let f be a(-27). Let x(h) = -5*h. Let k(o) = f*x(o) - 3*r(o). Calculate k(-2).
4
Let m(b) be the third derivative of -b**5/60 + 11*b**4/24 - 2*b**3 + 229*b**2. Determine m(10).
-2
Suppose -2*n + 8 = 0, -4*n = 4*y - 0*n - 144. Suppose 3*g - g = 4*k - y, -2*k = g - 4. Let a(w) = -w**3 - 7*w**2 - 7*w - 1. Determine a(g).
5
Suppose -v - 27 = 2*v. Let l be 38/171 + (-43)/v. Suppose -2*r - j - 2 = j, 0 = -l*j - 10. Let b(y) = -6*y. Calculate b(r).
-6
Let b(u) = 4*u - 765. Let y(o) = -128. Let f(z) = -b(z) + 6*y(z). Suppose -2*w - 2 = 0, -4*p - 1 = w + 8. Determine f(p).
5
Let w = 22 - 11. Let a(o) = 79 - o + 82 + 70 - 221. Give a(w).
-1
Let x(p) = p - 29*p**3 + p**2 + 1 + 0 + 56*p**3. Determine x(-1).
-26
Let o(v) = v**3 + 6*v**2 + 5*v - 5. Let q be o(-5). Let s(z) be the third derivative of z**4/12 + z**3/2 - 241*z**2. Calculate s(q).
-7
Let b(c) = c**3 - 7*c**2 + 6*c. Let u be (-3)/(-2)*80/30. Suppose -u*n - 4*v + 32 = 0, -n = -2*v - 6 + 4. Give b(n).
0
Let b(p) = p**2 - 2*p + 1. Suppose -1 = -z + 2. Let r be b(z). Suppose 7*g - 3*g = -2*s + 8, 3*g = -r*s + 1. Let m(u) = u**3 + 3*u**2 - 2. Determine m(s).
2
Let m(l) be the third derivative of -l**5/60 + 7*l**4/24 - l**3/2 + l**2. Suppose 63 - 3 = -6*u. Let r = -4 - u. Determine m(r).
3
Let y = -8 - 8. Suppose 3*o + o = -3*f + 37, -75 = -5*f - 4*o. Let k = y + f. Let t(l) = l**3 - l**2 - 5*l + 2. Give t(k).
5
Let p(j) = -10 + 0*j + j + 0*j. Let a(r) = r**2 - 33*r + 32. Let b be a(32). Give p(b).
-10
Suppose 1 = -2*x + 3. Let g = 0 - -3. Let p(c) = g*c - 5 + 5 + 0. What is p(x)?
3
Let n(d) = 4*d + 2. Suppose 3*h - 5*h = -54. Suppose 3*c + 39 = 4*o - 2*c, -4*o + c + h = 0. Determine n(o).
26
Let h(r) be the second derivative of -r**3/3 + 7*r**2/2 + 17*r. Let v be h(3). Let w(m) = -9*m**2 + m - 1. Determine w(v).
-9
Let l = 103 - 74. Let c(q) = -32*q + 55*q - 10 - l*q + q**3 - 6*q**2. What is c(7)?
-3
Suppose -34*o - 83 = -423. Let q(w) = -5*w + 40. What is q(o)?
-10
Let i(s) = -5*s**2 + 3*s - 4. Let l be i(1). Let d(q) = -q - 8. Determine d(l).
-2
Let c(i) = -i**3 + i**2 + 3. Let f(n) = 3*n**3 + 9*n**2 + 11*n + 7. Let g(y) = 2*c(y) + f(y). Give g(-10).
3
Suppose -g + 4*h = 1, -2*g = -3*h + 7 - 0. Let r(p) = -p**3 - 9*p**2 + 5*p + 2*p**2 - 7 - 12*p. Give r(g).
-22
Suppose -4*x = 3*t + 41, 25*x - 3*t - 25 = 27*x. Let f(m) = 2*m**2 - 5*m + 2. Let s(l) = 3*l**2 - 4*l + 1. Let a(q) = -4*f(q) + 3*s(q). Give a(x).
-5
Let c(m) = 4*m**3 - 5*m**3 + 3*m**2 - m + 0*m + 0*m**3. Let u(h) = -h**3 - 21*h**2 - 22*h - 38. Let q be u(-20). Determine c(q).
2
Let r(m) be the first derivative of m**4/4 + 5*m**3/3 + m**2 - 8*m - 275. Calculate r(-4).
0
Let c be (4/5)/((-28)/(-1750)). Suppose 34 = -r + c. Let o(p) = -p**3 - p + 3*p**2 + 16 - r. Determine o(3).
-3
Let a = 73 - 74. Let g(x) = -3. Let i(h) = -h - 1. Suppose 7 = 3*b + 3*j - 11, -3*b = 2*j - 15. Let s(t) = a*g(t) + b*i(t). Calculate s(1).
-3
Suppose 4*t = 18 - 2. Let s(j) = -4*j - t*j**2 + 3 + 3*j**2 + 0*j**2. Let q(b) = -21*b - 312. Let f be q(-15). Give s(f).
-18
Let y(p) = p**2 - p + 2. Let l(h) = 2*h**2 + 8*h + 12. Let x(u) = -l(u) + y(u). Give x(-7).
4
Let g(c) be the first derivative of -1/2*c**2 + 1/3*c**3 - 21 - 6*c. Calculate g(0).
-6
Let u be (0 + 1)/((-8)/(-16)). Suppose 4*s + 2*n = 18, 0 = -s + u*n - 12 + 4. Let j(y) = 4*y**s - 8 + 3 - y**2 + 2 - 3*y. Calculate j(3).
15
Let r(v) be the third derivative of -v**9/60480 + v**6/720 - v**5/12 + 3*v**2. Let l(i) be the third derivative of r(i). Suppose j + 1 = -0*j. Give l(j).
2
Let t(c) = -c**3 - 4*c**2 - 1. Let u be 6/3 - (0 - -9 - 4). What is t(u)?
-10
Let j(x) = 2 + 0 - 7 - 5*x + 0*x**2 + x**2 - 2*x**2. Give j(-3).
1
Let g = 53 + -47. Let u(m) = m - 4. Calculate u(g).
2
Let y be (1 + -4 + 2)*-3. Suppose 0 = 4*f + 3*o + 2, -2*o = -3*f - y + 10. Let w(l) = 2*l**3 - l**2 + l. Calculate w(f).
2
Suppose -o - 4*r - 4 - 2 = 0, -r = 3*o - 4. Suppose o*c = -0 + 6. Let m(l) = 2*l - 7*l**2 + 1 + c*l**2 + 0. Determine m(2).
-11
Let p be (-2)/(-3)*-3*-1. Suppose -p*v + 15 = 3*v. Let w(d) = 0*d + d**v + 0*d + 7 - 6*d**2 - d. Give w(6).
1
Let c(d) = 3*d + 1. Suppose 12*r - 10 + 10 = 0. Let t be 1 + (-2 - r) + -6. What is c(t)?
-20
Let y(g) = 4 + 7 + 2*g + 0. Give y(-5).
1
Let d(x) = x**2 + 6*x. Let k(y) = -y**3 - 14*y**2 + 6. Let h be k(-14). Suppose 0 = h*q + q + 42. Determine d(q).
0
Suppose -u + 5*p + 19 = 0, -3 = 2*u - 3*p - 6. Let s(i) = -2 + 2*i - 10*i + 7*i. Let n(b) = 1. Let w(k) = -n(k) - s(k). Give w(u).
-5
Let q(j) = -6*j**2 + 8*j - 1. Let o(i) = -3*i**2 + 5*i - 1. Let a(z) = -5*o(z) + 3*q(z). Determine a(-3).
-22
Let g be -1 + -4 - (19 - 27). Let z(s) = -1 + 3 + 9*s + 2 + 5*s**2. Let i(f) = 11*f**2 + 19*f + 9. Let a(o) = 6*i(o) - 13*z(o). Calculate a(g).
2
Suppose 42 - 28 = -7*o. Let n(c) = 2*c**2 + 2*c + 2. Give n(o).
6
Let q(r) = 7*r + 1. Let o = 3 + 9. Suppose -49 = -11*i + o*i. Let t be 3/(-5) + i/35. Calculate q(t).
-13
Let i = 8 + -9. Let t be (-12)/15*(-5)/i. Let d(u) = -3*u - 6. Give d(t).
6
Let u be ((-7 - -2) + 4)*(-3 + 0). Let b(k) = -u*k + k**2 + 3*k + 3*k - 2*k. Calculate b(-1).
0
Let k(b) be the second derivative of -b**5/20 + b**4/12 - 7*b**2/2 + 67*b. Calculate k(0).
-7
Let s(l) = l**3 - 4*l**2. Suppose 5*d - 33 = 92. Let p(a) = 7*a + 13. Let w be p(-5). Let f = d + w. What is s(f)?
-9
Let l(n) be the second derivative of 0*n**3 + 1/4*n**4 - 1/240*n**6 + 0 + 0*n**2 + 1/60*n**5 + 7*n. Let h(j) be the third derivative of l(j). What is h(3)?
-7
Suppose 2*g = -3*o - 7, 2*g - 3*o = g - 17. Let m be ((-235)/(-20))/((-2)/g). Let k(t) = -t**2 + 4 - 51*t - 3 + m*t. What is k(-3)?
4
Let h(m) = -m**2 - 6*m. Suppose 0 = 12*s - 17*s. Suppose -4*r + q = 26, -2*r + s*r = 5*q + 2. Determine h(r).
0
Let p be -8 - 1 - 21/(-7). Let u(v) = -v**3 - 5*v**2 + 4*v - 3. Determine u(p).
9
Let r(n) = n. Suppose 5*y = -b - 17, -1 = y + 5*b + 12. Let s(j) = -2*j**2 + 6*j - 3. Let d(q) = y*r(q) + s(q). Give d(3).
-12
Let x(m) be the first derivative of -m**4/4 + 3*m**3 + 6*m**2 - 10*m - 5. Determine x(10).
10
Let a(t) = 4 + 9*t**2 + 182*t**3 - 177*t**3 + 5*t - 3. Let h(g) = -g**3 - g**2 + 1. Let c(k) = a(k) + 4*h(k). Suppose -4 = -2*b + 3*b. Determine c(b).
1
Suppose -4*y + 3*h - 4 = 0, -3*y + 8*y + 12 = 2*h. Let i be (-8)/y - (-1 + 2). Let c(w) = 4*w**2. What is c(i)?
4
Let w = -33 + 33. Suppose w = 5*f + f + 36. Let g(u) = u + 1. Determine g(f).
-5
Let i be (-101)/(-5) + (-1)/5. Suppose 30*f = 25*f - i. Let a(l) = -l**3 - 4*l**2 - l - 4. What is a(f)?
0
Let t(i) = i**2 + 2*i + 2. Let u be t(-2). Let o be (u/(-4))/(11/22). Let h(g) = -4*g. Give h(o).
4
Let l(t) = -t - 13. Let s(n) = n - 13. Let x be s(13). Suppose -q = -5*z - 31, -q + x = -z - 3. Calculate l(z).
-6
Let t(c) = -c + 14. Suppose s - b = -6*b - 18, 3 = -s - 2*b. Suppose 2*r - s*r = 0. What is t(r)?
14
Let b(a) be the first derivative of a**4/4 - 4*a**3 + a**2/2 + 12*a - 292. Calculate b(12).
24
Let x(g) = 2*g - 1. Let k be -9*(-6)/(-36)*10/3. Determine x(k).
-11
Let c(o) = o**3 - 9*o**2 - 51*o - 18. Let z be c(13). Let y(a) = -8*a - 1. Give y(z).
39
Let j(p) = p**2 - p. Let o(w) = -w**2 - 7*w. Let m(x) = 6*j(x) - o(x). Suppose 252*u + 18 = 468*u - 234*u. What is m(u)?
6
Let j(w) = 2*w**2 - w. Let c(o) = -15*o + 20. Let n be c(10). Let i be n/(-39) - (-1)/(-3). Suppose 0 = -3*x - 2*q + 3, -i*q - 2 = -3*x - 14. Calculate j(x).
3
Suppose 5*p + 2*c - 28 = -33, -3*p = -5*c + 34. Let l(s) = -4*s - 4. Determine l(p).
8
Let z = -13055 + 13052. Let n(w) = w + 3*w**3 - w**2 + 1 - 2*w**2 - 4*w**3. What is n(z)?
-2
Let f(q) = q**3 - 38*q**2 + 3*q - 115. Let g be f(38). Let z(u) = u**2 + u. Calculate z(g).
0
Let k(g) = g**3 - 7*g**2 + 8*g - 9. Let f be k(6). Suppose z = 0, -2*b = f*z - 5 + 3. Suppose 0*v = v - b. Let o(c) = -4*c - 1. Give o(v).
-